le of 13?
False
Let j(t) = -t**3 + 22*t**2 + 6*t + 5. Does 5 divide j(21)?
False
Let r(y) be the first derivative of -5 - 1/2*y**2 + 2*y. Is r(-2) even?
True
Let h = -25 - -30. Suppose 314 = h*b - 81. Let o = b - 46. Is o a multiple of 11?
True
Suppose -i - 2*i + 57 = 0. Suppose 10 + 4 = 2*k. Let b = i - k. Is b a multiple of 12?
True
Let j(g) = -g + 1. Let b be j(-12). Let n = b - 1. Let i = 29 - n. Does 7 divide i?
False
Suppose 5547 = 18*z + 363. Does 7 divide z?
False
Does 40 divide 644 + ((-8)/(-6))/((-6)/18)?
True
Let s = -892 + 1310. Let j = -297 + s. Is 11 a factor of j?
True
Does 18 divide 16580/16 + (-29)/116?
False
Suppose h = -2*g - 0 + 6, 5*h - 5*g = -15. Suppose -s - 36 = -2*s. Let o = s - h. Is o a multiple of 9?
True
Let n(a) = -9*a + 26. Let j = 147 + -159. Is 19 a factor of n(j)?
False
Is (-2704)/(-10) + (98/35)/(-7) a multiple of 18?
True
Let n(g) be the second derivative of g**4/6 - 13*g**3/6 - 3*g**2 + 6*g. Does 15 divide n(10)?
False
Let b be (-4)/(-3) + 191/3. Suppose 0 = u - 63 - b. Does 22 divide u?
False
Let d(i) = -i**3 - 9*i**2 + 15*i + 21. Let g(m) = -m. Let b(z) = d(z) + 3*g(z). Is b(-11) a multiple of 30?
False
Let q(w) = -1216*w + 175. Is 11 a factor of q(-2)?
True
Suppose 44*g - 8 = 46*g, 3*g + 187 = 5*c. Is c a multiple of 7?
True
Let z(g) = 0 + 3 - g**2 - 10 - 9*g. Let m be z(-9). Does 8 divide 1*11 + (m - -6)?
False
Let v(q) = -q**3 + 17*q**2 - 14*q - 27. Let a be v(16). Let z be (1 + -1)/(1/(-1)). Suppose -a*n - 114 + 414 = z. Does 13 divide n?
False
Let y be 3 + 2 + (-7 + 3 - -1). Suppose -y*a - 51 = -359. Does 31 divide a?
False
Let m(j) = -j**3 + 5*j**2 - j + 5. Let n be m(5). Suppose n = -4*f - 0*f + 1100. Suppose -f = -4*c - c. Is 15 a factor of c?
False
Let n be 4 + (-405)/(-4) + (-2)/8. Let q = n + -7. Does 10 divide q?
False
Let o be (4/(-2))/(2 - 56/26). Suppose -o*u + 0*u = -1183. Is u a multiple of 33?
False
Let x(t) = -31*t + 19. Suppose 3*u = 2*n + 7 + 4, 2*n + 2*u + 6 = 0. Does 11 divide x(n)?
True
Let u be ((-16)/(-10))/4*45*-1. Does 25 divide (-8 + (-1284)/u)*6/5?
False
Let j(u) = 287*u - 167. Is 10 a factor of j(11)?
True
Let r be (-633)/15 + (-6)/(-30). Let f = r + 126. Does 6 divide f?
True
Suppose 11*h - 15*h + 28 = 0. Suppose -252 = -3*j + 3*i, 2*j - 4*i + h*i = 163. Is j a multiple of 20?
False
Let q be (-3 + -4 + 7)*1. Let f(z) = -z**2 + z + 154. Does 22 divide f(q)?
True
Let d = 144 + -12. Suppose 0*m - m + 4*w + 7 = 0, 0 = -4*m + 5*w + 17. Suppose -f = 2*f - l - 136, 0 = -m*f - 3*l + d. Does 16 divide f?
False
Is 42 a factor of 49/2*((-2160)/35)/(-4)?
True
Suppose -b = 2*o - 3610, 3*o + 35*b - 5415 = 38*b. Is o a multiple of 39?
False
Suppose -6 + 1 = -s + 4*n, -4 = s + 5*n. Is 51 + 5 - (3 - s) a multiple of 12?
False
Let k(a) = -a**2 + 5*a - 2. Let q be k(3). Suppose q*b - 75 = -b. Is b even?
False
Let y be (3 + -2)*(0 - (32 + -5)). Let g(z) = 54*z - 1. Let m be g(-1). Let j = y - m. Is 14 a factor of j?
True
Let q = 7 - 18. Let d(u) = u**2 + 11*u + 5. Let z be d(q). Suppose 0 = z*a - 9*a + 88. Does 11 divide a?
True
Let u(o) = -o**3 - 4*o**2 + 4*o - 5. Let d be u(-5). Let m be d + 1/((-2)/(-10)). Suppose 0 = -3*h, -2*r + m*r - 2*h - 87 = 0. Does 13 divide r?
False
Suppose 5*f - 4*f = 5*r - 23, -11 = -2*r + f. Suppose -3*v = -3*o + 390, 0 = -r*o + v + 388 + 129. Suppose -6*n + 3*n = -o. Is 15 a factor of n?
False
Let c(l) = 9*l - 3*l + 22*l**2 - 7*l + 2 - 2*l. Does 16 divide c(-2)?
True
Suppose -839 = -6*u + u + 4*g, 0 = 3*g - 12. Suppose -5 + u = 2*m - 2*n, -3*n = m - 83. Does 48 divide m?
False
Let q(g) = -g**3 + 2*g**2 + 4*g + 1. Let s = -15 + 18. Let n be q(s). Is 4 a factor of 15*(16/3)/n?
True
Let h be 21/1*635/15. Suppose -5*w + 2*q = -w - 914, 0 = 4*w + 3*q - h. Let c = -130 + w. Does 32 divide c?
True
Suppose 3*t - 339 = 2*b, b = -t + 2*t - 172. Let f = b + 267. Is 24 a factor of f?
False
Is ((-22134)/(-168))/(1/8) a multiple of 17?
True
Let t(s) = 4*s**3 - s**2 + 5*s - 4. Let d be t(1). Suppose -114 = -d*w + 246. Is 6 a factor of w?
True
Suppose 18 = 5*c - 4*n - 46, 0 = c - 5*n - 17. Suppose 4*g - c = 3*v, -23 - 3 = -3*g - 2*v. Does 28 divide (-9)/g*10*-8?
False
Let b(p) = p**2 + 3*p + 45. Let g be b(0). Suppose 2*n + 125 = 5*a + 7*n, a = -5*n + g. Is 15 a factor of a?
False
Let n(s) = -s**3 + 5*s**2 - 3*s - 2. Let b be n(4). Suppose -4*m = 4*j - 151 - 25, -3*m + 129 = b*j. Does 6 divide m?
False
Let c be ((-30)/(-7))/((-15)/(-70)). Let n(m) = m - c + 12 + 7 - m**2 - 14*m. Does 12 divide n(-10)?
False
Suppose -156 = 39*u - 41*u. Is u a multiple of 13?
True
Suppose -64 = -3*u - 5*j, 5*u + j - 116 = 2*j. Let v = u - 41. Does 22 divide (-4)/v + (-1764)/(-81)?
True
Suppose -m = 2 + 3. Let o(j) = -j**2 - 3*j + 12. Let x be o(m). Suppose x*b = 61 - 5. Does 20 divide b?
False
Let h = 552 + -477. Is h a multiple of 3?
True
Suppose -5*h = -113 + 33. Let d = -13 + h. Suppose -4*j = -d*t - 154, 2*t - 3*t + 82 = 2*j. Is 16 a factor of j?
False
Let y = -284 - -408. Is 4 a factor of y?
True
Let f(t) = -32*t + 2*t**3 + 32*t - 6*t**2 + 4 + 0*t**3. Let z = 4 - 0. Does 12 divide f(z)?
True
Suppose -7*m - 43 + 64 = 0. Let z = -8 + 16. Let g = m + z. Is g a multiple of 5?
False
Suppose 0 = -5*k + v + 10, -3*k - 2*v = -19 - 0. Suppose k*q = -3*q + 18. Suppose q*m = m + 156. Is 13 a factor of m?
True
Let k = -1 + 4. Let g(f) = -f**2 - 3 + 0*f + 2*f + 4 + f**k - f. Is g(3) a multiple of 22?
True
Suppose 10 = -9*g - 8. Is (2/(-2) + g/(-1))*41 a multiple of 12?
False
Let s(h) = -4*h. Let c be s(-1). Let v = c + -3. Is (-1 - 5)/(v/(-12)) a multiple of 16?
False
Let r(a) = 14*a**2 + 4*a + 10. Let g(c) = -c - 8. Let p be g(-13). Let h be r(p). Suppose h = b + 4*b. Does 14 divide b?
False
Let t(g) = g**3 + 7*g**2 + 4*g - 3. Let m be t(-6). Let c be (-8)/(-12) - (-30)/m. Suppose -4*y + 0*y + 160 = -c*d, 0 = d. Is y a multiple of 10?
True
Let t(n) = 4*n**3 + 3*n**2 - 2*n + 21. Is 109 a factor of t(7)?
True
Let x be -1 + (4/30 - (-2958)/90). Let k = 148 + x. Is k a multiple of 30?
True
Let l = -918 - -1697. Is 11 a factor of l?
False
Suppose -12 = 4*l - 4*q - 52, 5*l = -4*q + 59. Let w = 13 - l. Suppose 8 = s + w. Is s a multiple of 3?
True
Suppose 2697 = 14*q + 457. Does 20 divide q?
True
Suppose -4*p + 3*p = 4*w - 360, 3*w + 3*p = 270. Suppose -1134 = -12*d + w. Is 7 a factor of d?
False
Let u(l) be the third derivative of -l**6/6 + l**3/3 + 51*l**2. Is u(-2) a multiple of 27?
True
Suppose -2*t = 5*q + 772 + 408, 932 = -4*q - 4*t. Let n = q + 361. Does 34 divide n?
False
Suppose -7*o + 656 = -1108. Is 32 a factor of o?
False
Let t = -489 + 160. Let j = -215 - t. Is j a multiple of 38?
True
Suppose p + 2 = 3*p. Let q(o) = 75*o - 6. Is q(p) a multiple of 16?
False
Let h(y) = 55*y**2 + 12*y. Does 13 divide h(1)?
False
Suppose 291 = 6*z - 63. Let n = -17 + z. Is n a multiple of 19?
False
Let g(z) = z - 14. Is g(19) a multiple of 4?
False
Let l(f) = 6 - 3*f + 4 + 7 + 2*f. Let h be l(7). Suppose -9*x = -4*x - h. Is x a multiple of 2?
True
Suppose -4*b = -q - 66 + 18, 3*q = 0. Let j(v) = -2*v - 3. Let i be j(-5). Suppose -b*g = -i*g - 270. Is g a multiple of 29?
False
Let s be ((-10)/8 + 1)/((-14)/56). Let j(g) = 239*g**2 + 2*g - 3. Is 14 a factor of j(s)?
True
Suppose 190 = 4*g - 2*y, -2*g + 34 = 3*y - 57. Is 3 a factor of g?
False
Let a = -18 - -34. Suppose 0 = -6*t + 20 + a. Suppose -4*v - 344 = -5*p, 5*v + t = 1. Is 17 a factor of p?
True
Let x be 959/(-35) - 4/(-10). Let w = 32 + x. Is 14 a factor of w*(4 - (-52)/10)?
False
Let a(d) be the first derivative of -6*d - 1/3*d**3 + 4 - 8*d**2. Does 2 divide a(-15)?
False
Suppose -3*p + 8*x - 3*x = -1066, 0 = -2*p + 2*x + 704. Is p a multiple of 15?
False
Let n(m) = -45*m - 35. Is 10 a factor of n(-15)?
True
Let g(b) = b**2 + 5*b. Let c be g(-4). Let q(r) = 10*r**2 + 3*r + 8. Let d be q(c). Suppose -2*f = -0*f - d. Does 21 divide f?
False
Let j(z) = -z**2 + 3*z + 2. Let p be j(3). Suppose -2*u + 12 = p*u. Suppose 3*h - 5*d - 78 = 0, -u*h + d = -28 - 38. Does 7 divide h?
True
Suppose 9*u + 59 + 76 = 0. Let y(w) be the first derivative of -w**4/4 - 16*w**3/3 - 9*w**2 - 21*w - 1. Is y(u) a multiple of 16?
False
Suppose 0 = 65*p - 136*p + 118286. Does 49 divide p?
True
Let a(i) be the second derivative of -i**5/60 - i**4/2 - 5*i**3/6 + 7*i**2/2 - 3*i. Let h(